tiple of 14?
True
Is 55171 a multiple of 230?
False
Is 476 a multiple of 12?
False
Is 11 a factor of 531?
False
Is 304 a multiple of 20?
False
Is 20 a factor of 1624?
False
Is 40 a factor of 528?
False
Is 11 a factor of 2952?
False
Is 1173 a multiple of 16?
False
Is 42 a factor of 5376?
True
Is 148 a factor of 92007?
False
Is 86 a factor of 52890?
True
Is 79 a factor of 54431?
True
Does 21 divide 23413?
False
Does 6 divide 99?
False
Is 56 a factor of 1176?
True
Does 8 divide 696?
True
Is 61 a factor of 16592?
True
Is 11 a factor of 1284?
False
Does 9 divide 1863?
True
Is 15 a factor of 869?
False
Is 37 a multiple of 5?
False
Does 25 divide 1800?
True
Is 1632 a multiple of 32?
True
Is 4536 a multiple of 28?
True
Is 1904 a multiple of 4?
True
Is 5625 a multiple of 45?
True
Is 53 a factor of 1590?
True
Is 11 a factor of 99?
True
Does 5 divide 665?
True
Does 127 divide 3912?
False
Is 356 a multiple of 13?
False
Is 22 a factor of 409?
False
Does 35 divide 1435?
True
Is 2112 a multiple of 48?
True
Is 40 a factor of 1134?
False
Is 10378 a multiple of 75?
False
Is 973 a multiple of 21?
False
Is 147 a factor of 114702?
False
Is 948 a multiple of 12?
True
Is 2300 a multiple of 23?
True
Is 4217 a multiple of 17?
False
Is 858 a multiple of 66?
True
Is 15 a factor of 6960?
True
Is 598 a multiple of 13?
True
Does 49 divide 196?
True
Is 100 a factor of 5675?
False
Is 333 a factor of 38961?
True
Is 521 a multiple of 9?
False
Is 444 a multiple of 12?
True
Does 16 divide 21105?
False
Is 120 a multiple of 6?
True
Does 68 divide 1439?
False
Does 22 divide 1870?
True
Is 3785 a multiple of 6?
False
Is 54 a factor of 2434?
False
Is 47202 a multiple of 64?
False
Is 3 a factor of 286?
False
Is 368 a multiple of 16?
True
Does 4 divide 572?
True
Is 31 a factor of 410?
False
Is 6 a factor of 1379?
False
Is 342 a multiple of 18?
True
Is 293 a factor of 37797?
True
Is 2 a factor of 28?
True
Is 24605 a multiple of 95?
True
Does 52 divide 42256?
False
Is 147 a multiple of 21?
True
Is 90 a multiple of 18?
True
Does 18 divide 1872?
True
Is 27 a factor of 4752?
True
Is 18138 a multiple of 6?
True
Is 12 a factor of 9888?
True
Does 94 divide 3948?
True
Is 1648 a multiple of 99?
False
Is 48654 a multiple of 27?
True
Does 7 divide 7126?
True
Does 23 divide 962?
False
Is 2905 a multiple of 8?
False
Is 8 a factor of 4647?
False
Is 9822 a multiple of 44?
False
Is 12 a factor of 2484?
True
Is 59 a factor of 7737?
False
Does 11 divide 2497?
True
Does 15 divide 4545?
True
Does 12 divide 1568?
False
Is 128986 a multiple of 451?
True
Is 32014 a multiple of 27?
False
Does 27 divide 5652?
False
Is 4 a factor of 9192?
True
Is 239 a multiple of 58?
False
Is 3696 a multiple of 11?
True
Is 48 a factor of 17376?
True
Does 27 divide 816?
False
Does 15 divide 2730?
True
Does 47 divide 517?
True
Is 73 a factor of 3066?
True
Does 17 divide 833?
True
Does 24 divide 33528?
True
Is 16 a factor of 9285?
False
Does 129 divide 1161?
True
Is 18 a factor of 18540?
True
Is 4 a factor of 373?
False
Is 162 a factor of 3165?
False
Does 257 divide 17990?
True
Does 5 divide 255?
True
Does 7 divide 15337?
True
Is 68 a factor of 10984?
False
Is 40 a multiple of 8?
True
Is 1728 a multiple of 16?
True
Is 12 a factor of 474?
False
Is 7 a factor of 539?
True
Does 9 divide 10782?
True
Is 3765 a multiple of 15?
True
Is 330 a multiple of 30?
True
Is 133446 a multiple of 191?
False
Is 237 a factor of 7347?
True
Is 4307 a multiple of 308?
False
Is 82 a factor of 66854?
False
Does 47 divide 1796?
False
Does 100 divide 6100?
True
Does 3 divide 202?
False
Is 18 a factor of 4536?
True
Is 210 a multiple of 70?
True
Is 1134 a multiple of 27?
True
Is 72 a factor of 98043?
False
Does 11 divide 8873?
False
Is 2539 a multiple of 91?
False
Is 320 a factor of 12800?
True
Is 125 a factor of 8750?
True
Does 11 divide 5304?
False
Does 41 divide 7778?
False
Is 10824 a multiple of 6?
True
Is 93 even?
False
Is 25977 a multiple of 21?
True
Is 30872 a multiple of 44?
False
Is 8470 a multiple of 7?
True
Is 7 a factor of 6090?
True
Is 259 a multiple of 7?
True
Does 26 divide 45574?
False
Is 4110 a multiple of 6?
True
Is 31 a factor of 3410?
True
Does 46 divide 7728?
True
Is 31 a multiple of 6?
False
Is 4380 a multiple of 3?
True
Is 11 a factor of 158?
False
Is 171 a multiple of 104?
False
Is 9885 a multiple of 15?
True
Is 330 a multiple of 22?
True
Is 59 a factor of 6018?
True
Is 204 a factor of 98736?
True
Is 3011 a multiple of 5?
False
Does 2 divide 61?
False
Does 29 divide 53563?
True
Is 30 a factor of 479?
False
Is 300 a multiple of 100?
True
Is 1936 a multiple of 50?
False
Is 1035 a multiple of 69?
True
Is 69 a factor of 2898?
True
Is 2891 a multiple of 59?
True
Is 232 a multiple of 5?
False
Does 18 divide 540?
True
Is 19118 a multiple of 191?
False
Is 116 a factor of 54752?
True
Does 49 divide 6823?
False
Does 55 divide 15675?
True
Does 44 divide 590?
False
Is 6177 a multiple of 3?
True
Does 10 divide 8889?
False
Is 15 a factor of 2538?
False
Is 610 a multiple of 5?
True
Is 77 a factor of 1249?
False
Does 42 divide 7350?
True
Is 3174 a multiple of 23?
True
Is 25229 a multiple of 87?
False
Is 14 a factor of 23156?
True
Is 10 a factor of 737?
False
Is 85 a factor of 7507?
False
Is 2882 a multiple of 131?
True
Does 40 divide 10533?
False
Does 15 divide 204?
False
Is 58 a factor of 1450?
True
Is 7562 a multiple of 38?
True
Does 82 divide 47724?
True
Does 67 divide 24229?
False
Is 49576 a multiple of 334?
False
Is 2530 a multiple of 23?
True
Is 88 a factor of 4136?
True
Is 14 a factor of 16450?
True
Does 3 divide 4191?
True
Is 29 a factor of 1363?
True
Is 5143 a multiple of 42?
False
Is 4444 a multiple of 56?
False
Is 53 a factor of 1219?
True
Is 107273 a multiple of 17?
False
Is 15 a factor of 1170?
True
Does 7 divide 6076?
True
Is 72 a factor of 288?
True
Does 299 divide 41860?
True
Does 82 divide 2706?
True
Does 7 divide 1769?
False
Is 24 a factor of 15792?
True
Does 15 divide 57885?
True
Does 48 divide 818?
False
Is 2 a factor of 2312?
True
Is 59 a factor of 2936?
False
Does 3 divide 7029?
True
Is 181 a factor of 26768?
False
Is 27 a factor of 348?
False
Does 5 divide 7630?
True
Does 9 divide 93?
False
Is 62248 a multiple of 124?
True
Is 20 a factor of 360?
True
Is 44 a factor of 4848?
False
Does 11 divide 585?
False
Is 29 a factor of 2401?
False
Is 827 a multiple of 9?
False
Does 9 divide 4743?
True
Is 43 a factor of 17673?
True
Does 13 divide 14443?
True
Is 28384 a multiple of 8?
True
Is 63993 a multiple of 32?
False
Is 3690 a multiple of 45?
True
Does 15 divide 3053?
False
Does 35 divide 2975?
True
Is 46 a factor of 1169?
False
Is 14 a factor of 141?
False
Is 46 a factor of 81190?
True
Is 5007 a multiple of 25?
False
Is 6 a factor of 288?
True
Is 188 a factor of 47940?
True
Does 293 divide 39848?
True
Is 248 a multiple of 38?
False
Is 5082 a multiple of 11?
True
Is 6 a factor of 2290?
False
Does 16 divide 9095?
False
Is 31863 a multiple of 26?
False
Is 2 a factor of 18?
True
Is 34427 a multiple of 15?
False
Does 294 divide 127089?
False
Is 1344 a multiple of 32?
True
Is 4 a factor of 66?
False
Is 54 a factor of 7373?
False
Is 6 a factor of 245?
False
Is 33 a factor of 1056?
True
Is 3464 a multiple of 16?
False
Does 11 divide 22?
True
Is 27031 a multiple of 115?
False
Is 55 a multiple of 2?
False
Does 551 divide 22591?
True
Does 76 divide 9348?
True
Is 18368 a multiple of 15?
False
Is 2 a factor of 42?
True
Does 50 divide 2338?
False
Does 47 divide 27886?
False
Is 119 a factor of 1905?
False
Is 61 a factor of 219?
False
Does 13 divide 83790?
False
Is 352 a multiple of 2?
True
Does 18 divide 8880?
False
Is 17244 a multiple of 10?
False
Does 100 divide 6200?
True
Is 164 a factor of 7814?
False
Is 9 a factor of 196?
False
Is 13 a factor of 2300?
False
Does 15 divide 179?
False
Is 852 a multiple of 75?
False
Is 3 a factor of 438?
True
Is 129 a multiple of 37?
False
Is 44 a factor of 5266?
False
Is 11118 a multiple of 18?
False
Is 3 a factor of 144?
True
Does 273 divide 11384?
False
Does 135 divide 5720?
False
Is 12 a factor of 11520?
True
Does 2 divide 504?
True
Is 9 a factor of 15767?
False
Is 11 a factor of 3815?
False
Is 170 a multiple of 10?
True
Is 1258 a multiple of 74?
True
Is 870 a multiple of 30?
True
Is 77 a multiple of 11?
True